lculate the remainder when h is divided by 11.
8
Let n(p) = 6*p**2 + 5*p - 6. Calculate the remainder when n(4) is divided by 38.
34
Suppose 0 = -5*y + 37 + 173. Let n be 2*(3 - (-3)/(-2)). Suppose 0 = n*t - 7 - 59. What is the remainder when y is divided by t?
20
Let w = 38 - 30. What is the remainder when 31 is divided by w?
7
Suppose g = 6*g - 25, -2*g + 10 = 4*o. Let x be 26/6 - (-2)/(-6). Suppose x*z + 12 = o, -3*y + 63 = -7*z + 2*z. What is the remainder when y is divided by 6?
4
Let t = 17 + -6. Calculate the remainder when 742/18 - 4/18 is divided by t.
8
Let t(j) = -j**2 - 6*j + 7. What is the remainder when t(-5) is divided by 4?
0
Let y be (-7)/(-3 - 2/(-1)). Let j = y + 48. Calculate the remainder when j is divided by 19.
17
Let u = -7 + 8. Calculate the remainder when (-96)/(-4 + 1) - u is divided by 16.
15
What is the remainder when 3 is divided by 0 - 1 - (-5 + 2)?
1
Suppose r = -x + 17, 4*x = 6*x - 2*r - 22. What is the remainder when 38 is divided by x?
10
Suppose 9 = 3*k + 3. Suppose -3*r + 16 = 5*d, r = k*d + 5*r - 12. Suppose -5 = -5*y, -d*n + 2*y - 3*y = -41. Calculate the remainder when n is divided by 11.
9
Suppose 0 = -2*g - 0*g. Suppose 3*y + 4*k - 41 = g, -k = -2*y - y + 16. Calculate the remainder when 20 is divided by y.
6
Suppose -42 = -4*l - 5*u + 38, 64 = 4*l + u. What is the remainder when 59 is divided by l?
14
Let v be 1/2 + (-37)/(-2). Suppose 0*g - g + v = 0. Calculate the remainder when (-2 - -1) + (56 - 0) is divided by g.
17
Let m = -7 - -52. What is the remainder when m is divided by 12?
9
Suppose 0 = -0*y - 4*y + 8. Let b = -217 - -224. What is the remainder when 36/y - (0 - 2) is divided by b?
6
Let q = -7 - -12. Let k(n) be the second derivative of n**4/12 + 3*n**3/2 + 13*n**2/2 - 5*n. What is the remainder when k(-9) is divided by q?
3
Suppose 5*r - 38 = 3*r. Calculate the remainder when 1/3 - (-1720)/24 is divided by r.
15
Suppose 5*q + 5*r - 14 = 11, r = 4*q - 10. Let d = -1 + q. Calculate the remainder when d is divided by 2.
0
Let x(y) = -2*y + 3*y - 4*y + 7 + y**2. Calculate the remainder when x(5) is divided by -1 - (-6 + 0 + -1).
5
Let b(v) = -v + 44. Calculate the remainder when 91 is divided by b(19).
16
Suppose -28 = 3*k + 2. Let q = k - -18. What is the remainder when 22 is divided by q?
6
Suppose -3*k - 15 = -4*k - 3*u, u - 4 = 0. What is the remainder when 49 is divided by (k - -14) + -3 - -3?
15
Suppose 3*i - 15 = 0, -4*i + 4 = 2*m - 10. Let c be (-3)/9 + (-67)/m. Suppose -y + c = -0*y. What is the remainder when 42 is divided by y?
20
Let o(h) = -h + 129. Calculate the remainder when o(0) is divided by 12.
9
Let k(r) = r + 12. Calculate the remainder when k(-6) is divided by 4.
2
What is the remainder when ((-9)/27)/((-1)/18) is divided by 3?
0
Let w = 79 - 69. Calculate the remainder when w is divided by 4 + -1 - 0/2.
1
Suppose -21 = -2*f - w, 3*f - w + 6 = 30. Let t = -5 + f. Suppose -3 - 1 = -t*h. What is the remainder when 2 is divided by h?
0
Suppose -f = -3*o - 8, 76 = 5*f + 5*o - 4. What is the remainder when 39 is divided by f?
11
Let i(q) = -19*q + 1. Let l = 51 + -40. What is the remainder when i(-1) is divided by l?
9
Let b = -4 - -7. Suppose -4*g = -4*m - 92, 2*m + 3 = 4*g - 81. Suppose -5*o + 3*w = -84, -b*w = -2*o + 11 + g. Calculate the remainder when 53 is divided by o.
17
Suppose 0*h + 100 = 4*h. Let z(j) = 6*j + 1. Let x(n) = -n**2 - 5*n - 2. Let f be x(-4). What is the remainder when h is divided by z(f)?
12
Suppose 10*j - 24 = 7*j. What is the remainder when 23 is divided by j?
7
Suppose 2*i = -2*i + 208. Let f(v) = -v**3 - 15*v**2 + 13*v - 21. What is the remainder when i is divided by f(-16)?
25
Suppose 13*h - 264 = 48. What is the remainder when 71 is divided by h?
23
Let a = -9 - -38. Calculate the remainder when 84 + (-1 - 5)/(-3) is divided by a.
28
Suppose 0 = -3*y + v + 93, -8*v - 135 = -4*y - 3*v. Let s be 1/1 + (-6 - 1). Let c(h) = -3*h - 7. What is the remainder when y is divided by c(s)?
8
Suppose o + 3 = 2*o. Suppose -o*n + 8*n - 34 = -2*h, 4*h = 4*n - 44. Calculate the remainder when 22 is divided by n.
6
Let m(n) = 4*n**2 - n - 21. What is the remainder when m(-4) is divided by 8?
7
Let h = -2 - -11. Calculate the remainder when h is divided by 4.
1
Let f be -32*((-14)/(-4) - 3). Let n = -5 - f. What is the remainder when n is divided by 4?
3
Suppose -150 = 4*n - 2*n. What is the remainder when (n/(-3) - 1) + 2 is divided by 61/7 - (-6)/21?
8
Suppose 7*u = 4*k + 2*u - 416, -5*k + 4*u + 511 = 0. What is the remainder when k is divided by 10?
9
Let y(z) = z**2 - 9*z + 10. Let l be y(8). Let r = l - -13. Calculate the remainder when 44 is divided by r.
14
Let a(u) = -u + 9. Let n(t) = 13*t - 2. Let i be n(2). Calculate the remainder when (-2)/(-2 + i/14) is divided by a(6).
1
Suppose -3*i = -3 - 3. Suppose -m = -i - 0. What is the remainder when 5 is divided by m?
1
Let h(w) = -5*w**2 + 2*w + 1. Let d be h(-1). Let s be 2/6 - (-38)/d. What is the remainder when 11 is divided by (-32)/(-12)*s/(-4)?
3
Let g = 72 + -50. Let o = -11 + g. Calculate the remainder when o is divided by 4.
3
Let q(o) = 2*o**3 - 4*o**2 - 7*o + 5. Let c be q(5). Suppose c = 5*d - 0*d. Calculate the remainder when 69 is divided by d.
21
Suppose -45 = -n - 2*n. Suppose 4*b - 20 - 161 = o, 5*b - 240 = 4*o. What is the remainder when b is divided by n?
14
Let h(c) = -3*c - 2. What is the remainder when 51 is divided by h(-5)?
12
What is the remainder when (2/(-4) + -1)/((-24)/288) is divided by 5?
3
Let d = 13 + 9. What is the remainder when d is divided by 8?
6
Let z(t) = -t**2 - 4*t + 5. Let r be z(-5). Suppose -2*a + 4 = -3*a, 4*c - 4*a + 32 = r. What is the remainder when 37 is divided by 3/c - 106/(-8)?
11
Let s(l) = l**3 + 4*l**2 - 4*l - 4. Let z be s(-4). Suppose 4*a = -z - 0. Calculate the remainder when (-68)/a + (-3)/(-9) is divided by 12.
11
Suppose 0 = 2*d - 8, 2*l - 4*d - 2 = -d. Let y = 24 + -12. What is the remainder when y is divided by l?
5
Let p be 1/2*(-16)/(-4). Suppose 2*w - p*z + z = 19, 3*z + 39 = 4*w. What is the remainder when 23 is divided by w?
5
Let h = 0 - 0. Suppose -2 = -q - h. What is the remainder when 39 is divided by (q + 3/6)*8?
19
Let i = -25 - -38. Suppose -2*t - i = -5. What is the remainder when 18 is divided by t/(-1)*15/6?
8
Let q(r) = -r - 4. Calculate the remainder when q(-10) is divided by 3.
0
Suppose 0 = -3*b + 59 - 8. Calculate the remainder when 31 is divided by b.
14
Suppose 5*r + 91 - 226 = 0. Calculate the remainder when ((-90)/r)/(4/(-66)) is divided by 19.
17
Let b = 233 + -163. What is the remainder when b is divided by 16?
6
Suppose 0 = -3*z + 7*z - 40. Suppose n = -4 + 3. What is the remainder when -1 + 1/n + z is divided by 5?
3
Let u(l) = -l**3 + 3*l**2 + 13*l - 14. What is the remainder when 306 is divided by u(4)?
20
Let c(r) = -3*r**3 - r**2 + 6*r + 7. What is the remainder when c(-3) is divided by 7?
5
Let r = 3 - 1. Suppose 4*j - 156 = -4*p, -3*j + r = -j. Let f = -13 - -26. What is the remainder when p is divided by f?
12
Let y = 4 - 4. Let f = 37 + y. Calculate the remainder when f is divided by 19.
18
Let d(j) = 5*j**2 - 2*j - 4. Suppose 0 = -4*w + 25 + 35. Suppose -5*x = -0*x - w. Calculate the remainder when d(x) is divided by 12.
11
Suppose 2*k = -4, -5*k + 12 = 5*m + 2. Suppose -2*j = 2 - m. Suppose -j - 5 = -3*w. Calculate the remainder when w is divided by 1.
0
Let y(r) = -r**2 + 9*r - 6. Let f(c) = -c**3 + 9*c**2 + c - 5. Let p be f(9). Let o = 16 - 8. Calculate the remainder when y(p) is divided by o.
6
Let c = 50 + -32. Suppose 0 = 2*g + 2*p - c, 3*p - 40 = -4*g - 4. Calculate the remainder when 17 is divided by g.
8
Suppose 8 = 3*b - c - 18, -20 = -4*b + 5*c. Suppose d - 39 = -2. What is the remainder when d is divided by b?
7
Suppose 2*a + 6 = -2*m + m, 3*m = 3*a. Let l = a - -8. Calculate the remainder when (-2)/l + 32/6 is divided by 3.
2
Let f(i) = -2*i**2 + 2*i + 1. Let y be f(-1). Let h(a) = 2*a - 7*a + a + 1 - 5*a. What is the remainder when h(y) is divided by 15?
13
Let s(a) = 23*a**2 - a - 2. Let i be s(-2). Let k = -66 + i. Let d = 9 + 0. Calculate the remainder when k is divided by d.
8
Let v = -24 - -56. Let t = -121 - -132. Calculate the remainder when v is divided by t.
10
Let v(r) = r**2 + 